


{"id":9366,"date":"2024-07-17T18:47:33","date_gmt":"2024-07-17T18:47:33","guid":{"rendered":"https:\/\/clinicadentaloris.com\/faq-items\/fa-mal-el-blanquejament-dental\/"},"modified":"2024-09-06T10:20:27","modified_gmt":"2024-09-06T10:20:27","slug":"fa-mal-el-blanquejament-dental","status":"publish","type":"avada_faq","link":"https:\/\/clinicadentaloris.com\/ca\/faq-items\/fa-mal-el-blanquejament-dental\/","title":{"rendered":"Fa mal el blanquejament dental?"},"content":{"rendered":"<p>\u00c9s com\u00fa experimentar sensibilitat temporal durant o despr\u00e9s del tractament, per\u00f2 sol ser manejable i desapareix amb el temps.<\/p>\n","protected":false},"excerpt":{"rendered":"<p>\u00c9s com\u00fa experimentar sensibilitat temporal durant o despr\u00e9s del tractament,  [&#8230;]<\/p>\n","protected":false},"author":1,"featured_media":0,"menu_order":0,"comment_status":"open","ping_status":"closed","template":"","format":"standard","meta":{"footnotes":""},"faq_category":[207],"class_list":["post-9366","avada_faq","type-avada_faq","status-publish","format-standard","hentry","faq_category-blanquejament-dental"],"_links":{"self":[{"href":"https:\/\/clinicadentaloris.com\/ca\/wp-json\/wp\/v2\/avada_faq\/9366","targetHints":{"allow":["GET"]}}],"collection":[{"href":"https:\/\/clinicadentaloris.com\/ca\/wp-json\/wp\/v2\/avada_faq"}],"about":[{"href":"https:\/\/clinicadentaloris.com\/ca\/wp-json\/wp\/v2\/types\/avada_faq"}],"author":[{"embeddable":true,"href":"https:\/\/clinicadentaloris.com\/ca\/wp-json\/wp\/v2\/users\/1"}],"replies":[{"embeddable":true,"href":"https:\/\/clinicadentaloris.com\/ca\/wp-json\/wp\/v2\/comments?post=9366"}],"version-history":[{"count":0,"href":"https:\/\/clinicadentaloris.com\/ca\/wp-json\/wp\/v2\/avada_faq\/9366\/revisions"}],"wp:attachment":[{"href":"https:\/\/clinicadentaloris.com\/ca\/wp-json\/wp\/v2\/media?parent=9366"}],"wp:term":[{"taxonomy":"faq_category","embeddable":true,"href":"https:\/\/clinicadentaloris.com\/ca\/wp-json\/wp\/v2\/faq_category?post=9366"}],"curies":[{"name":"wp","href":"https:\/\/api.w.org\/{rel}","templated":true}]}}

<p>És comú experimentar sensibilitat temporal durant o després del tractament, però sol ser manejable i desapareix amb el temps.</p>

<p>És comú experimentar sensibilitat temporal durant o després del tractament,  [&#8230;]</p>
